 factor of 4504180?
True
Does 61 divide 2289353?
False
Does 1651 divide 2055484?
False
Is 3060 a multiple of 34?
True
Is 178 a factor of 112496?
True
Does 91 divide 303212?
True
Is 25646 a multiple of 61?
False
Does 6 divide 35368?
False
Is 32 a factor of 229083?
False
Is 217142 a multiple of 8?
False
Is 23178 a multiple of 26?
False
Does 976 divide 2559577?
False
Is 17 a factor of 703634?
False
Does 45 divide 584471?
False
Does 832 divide 9745367?
False
Is 233 a factor of 216459?
False
Does 14 divide 11969032?
False
Is 11 a factor of 222468?
False
Is 844248 a multiple of 348?
True
Is 1102416 a multiple of 772?
True
Is 379 a factor of 18330550?
False
Is 44 a factor of 125183?
False
Is 158568 a multiple of 53?
False
Does 28 divide 1688092?
True
Does 44 divide 298496?
True
Is 9 a factor of 8047566?
True
Does 109 divide 131018?
True
Does 313 divide 525527?
True
Is 2415812 a multiple of 6?
False
Is 1351624 a multiple of 239?
False
Is 58 a factor of 11243035?
False
Does 36 divide 107856?
True
Is 477850 a multiple of 475?
True
Is 2549750 a multiple of 175?
True
Does 13 divide 77843?
False
Is 396369 a multiple of 12?
False
Does 264 divide 388518?
False
Is 91 a factor of 237328?
True
Is 144427 a multiple of 146?
False
Is 541926 a multiple of 19?
False
Does 987 divide 353766?
False
Does 12 divide 12542?
False
Is 354240 a multiple of 15?
True
Is 46 a factor of 85330?
True
Is 9685737 a multiple of 27?
True
Is 7 a factor of 369693?
False
Is 1377419 a multiple of 43?
True
Is 13 a factor of 607841?
True
Does 10 divide 2630400?
True
Is 343 a factor of 796103?
True
Is 69 a factor of 6928359?
True
Is 7772232 a multiple of 312?
True
Is 81 a factor of 5073435?
True
Is 152041 a multiple of 28?
False
Is 13555528 a multiple of 497?
False
Is 10 a factor of 314937?
False
Is 18492635 a multiple of 35?
True
Is 464 a factor of 1168789?
False
Does 29 divide 42641?
False
Is 3635324 a multiple of 37?
True
Is 19839025 a multiple of 137?
False
Is 397516 a multiple of 489?
False
Does 10 divide 130310?
True
Is 17 a factor of 243916?
True
Is 2704350 a multiple of 11?
True
Is 13000 a multiple of 10?
True
Does 21 divide 72554?
False
Is 33 a factor of 1370431?
False
Does 10 divide 85904?
False
Is 1495967 a multiple of 41?
True
Is 29 a factor of 29884036?
True
Is 388 a factor of 659988?
True
Is 877048 a multiple of 296?
True
Does 15 divide 458106?
False
Is 16 a factor of 1319455?
False
Does 1654 divide 4325210?
True
Is 12329 a multiple of 362?
False
Does 100 divide 452946?
False
Is 431188 a multiple of 17?
True
Is 8088 a multiple of 8?
True
Is 1153188 a multiple of 309?
True
Is 123760 a multiple of 17?
True
Does 25 divide 162249?
False
Is 50668 a multiple of 39?
False
Is 509981 a multiple of 12?
False
Is 293 a factor of 137525?
False
Does 63 divide 342384?
False
Is 109 a factor of 58098?
False
Is 60 a factor of 7174500?
True
Is 3482683 a multiple of 22?
False
Does 31 divide 113182?
False
Is 551616 a multiple of 48?
True
Is 11331118 a multiple of 263?
False
Is 106977 a multiple of 3?
True
Does 44 divide 416889?
False
Is 3217490 a multiple of 194?
True
Is 4573135 a multiple of 11?
False
Is 42 a factor of 137046?
True
Does 161 divide 233772?
True
Does 172 divide 61745?
False
Is 19465 a multiple of 5?
True
Does 49 divide 833585?
False
Is 5473598 a multiple of 23?
False
Is 203927 a multiple of 15?
False
Is 370 a factor of 762570?
True
Is 142 a factor of 10744?
False
Is 13 a factor of 948311?
True
Does 282 divide 5004949?
False
Is 69064 a multiple of 388?
True
Is 14 a factor of 5043281?
False
Is 16 a factor of 7177248?
True
Is 19 a factor of 315020?
True
Is 7 a factor of 3066775?
False
Is 3124161 a multiple of 24?
False
Is 666176 a multiple of 28?
True
Is 76 a factor of 54188?
True
Is 18 a factor of 11018?
False
Is 211 a factor of 3172596?
True
Is 1348 a factor of 3192064?
True
Does 7 divide 128158?
False
Is 13453434 a multiple of 1067?
False
Is 67 a factor of 5384120?
True
Does 10 divide 32249?
False
Is 398565 a multiple of 17?
True
Is 119 a factor of 143871?
True
Is 123100 a multiple of 10?
True
Is 1223896 a multiple of 181?
False
Does 657 divide 8178336?
True
Does 281 divide 102890?
False
Is 137 a factor of 1934312?
False
Does 128 divide 27739?
False
Is 14105184 a multiple of 1633?
False
Is 18 a factor of 359161?
False
Is 212290 a multiple of 10?
True
Does 122 divide 81940?
False
Is 53 a factor of 577366?
False
Is 1278016 a multiple of 152?
True
Is 966046 a multiple of 46?
True
Is 1934520 a multiple of 376?
True
Is 3260701 a multiple of 73?
False
Does 401 divide 821907?
False
Does 302 divide 184584?
False
Does 58 divide 14099684?
True
Is 110 a factor of 119744?
False
Is 18 a factor of 13662?
True
Is 120 a factor of 160080?
True
Is 251051 a multiple of 205?
False
Is 11 a factor of 360745?
True
Does 523 divide 913681?
True
Is 618368 a multiple of 380?
False
Does 140 divide 236740?
True
Is 4949386 a multiple of 38?
True
Is 341 a factor of 1364?
True
Is 103 a factor of 3239923?
False
Is 10832 a multiple of 5?
False
Is 409702 a multiple of 9?
False
Does 3 divide 60228?
True
Is 739104 a multiple of 12?
True
Does 55 divide 1417511?
False
Is 18 a factor of 131598?
True
Is 3 a factor of 1238626?
False
Is 7 a factor of 35240?
False
Is 18 a factor of 587610?
True
Does 761 divide 7632548?
False
Does 4 divide 3286834?
False
Is 6 a factor of 13170?
True
Is 17 a factor of 72768?
False
Is 247 a factor of 35325?
False
Does 47 divide 325136?
False
Is 7739420 a multiple of 412?
True
Is 6080312 a multiple of 56?
True
Is 93907 a multiple of 272?
False
Does 129 divide 9308?
False
Does 16 divide 143814?
False
Is 131 a factor of 188840?
False
Does 53 divide 544148?
False
Does 9 divide 1313995?
False
Is 255360 a multiple of 3?
True
Does 80 divide 27440?
True
Is 1064018 a multiple of 19?
False
Is 119556 a multiple of 81?
True
Is 420000 a multiple of 50?
True
Is 25 a factor of 244913?
False
Does 112 divide 2095968?
True
Does 93 divide 131500?
False
Does 16 divide 204480?
True
Is 556 a factor of 1550128?
True
Is 116 a factor of 234552?
True
Does 262 divide 131000?
True
Is 103 a factor of 7217299?
False
Does 91 divide 553412?
False
Is 83 a factor of 1108631?
True
Does 1041 divide 2494958?
False
Is 62 a factor of 80262?
False
Is 778384 a multiple of 8?
True
Is 7 a factor of 286015?
False
Does 7 divide 330750?
True
Does 295 divide 63973?
False
Does 154 divide 246526?
False
Is 2608012 a multiple of 18?
False
Is 165484 a multiple of 22?
True
Does 170 divide 436688?
False
Does 59 divide 74517?
True
Is 88 a factor of 1616364?
False
Does 10 divide 93586?
False
Is 9 a factor of 1293075?
True
Is 90772 a multiple of 44?
True
Is 790111 a multiple of 156?
False
Does 14 divide 88676?
True
Is 35615 a multiple of 38?
False
Does 69 divide 49404?
True
Does 46 divide 4814005?
False
Does 110 divide 4080340?
True
Does 213 divide 7143381?
True
Is 96 a factor of 54336?
True
Does 52 divide 3421?
False
Is 9188989 a multiple of 10?
False
Is 1402 a multiple of 10?
False
Is 6585474 a multiple of 58?
False
Is 5858089 a multiple of 108?
False
Does 102 divide 181760?
False
Is 1638947 a multiple of 11?
False
Is 10469085 a multiple of 1250?
False
Does 80 divide 177040?
True
Is 22212 a multiple of 6?
True
Is 2279822 a multiple of 4?
False
Is 189 a factor of 1135181?
False
Is 42770 a multiple of 4?
False
Is 198 a factor of 465498?
True
Is 24 a factor of 4312886?
False
Does 614 divide 2039094?
True
Is 16 a factor of 14801006?
False
Is 16 a factor of 1545728?
True
Is 14 a factor of 10426619?
False
Is 212 a factor of 153700?
True
Is 8 a factor of 361384?
True
Is 52416 a multiple of 91?
True
Does 27 divide 9118?
False
Is 4 a factor of 80180?
True
Is 33 a factor of 406319?
False
Does 74 divide 17168139?
False
Is 4224880 a multiple of 8?
True
Is 5227598 a multiple of 10?
False
Is 2154376 a multiple of 952?
True
Does 52 divide 80641?
False
Is 268510 a multiple of 11?
True
Does 203 divide 3770116?
True
Does 17 divide 10953271?
False
Is 234 a factor of 2184318?
False
Does 3 divide 1133694?
True
Is 7099849 a multiple of 9?
False
Does 83 divide 412261?
True
Is 743 a factor of 28676085?
True
Is 467 a factor of 1296392?
True
Does 29 divide 1800371?
False
Is 27 a factor of 209660?
False
Is 36934 a multiple of 15?
False
Is 5613132 a multiple of 19?
True
Is